c) = 22*c**2 - 2*c. Let q be l(k). What is the highest common divisor of 12 and q?
12
Suppose -6*z + 2*z = 12. Let u be (z - -3) + (-3)/(-1). Calculate the greatest common factor of u and 24.
3
Let p(s) = -s**3 - 3*s**2 - 3*s + 2. Let h be p(-3). Let f be (-3)/(-15) - 384/(-5). What is the highest common factor of f and h?
11
Let r(c) = c**2 + c - 4*c - 1 + 0*c. Let d be r(5). Suppose 2*q = q + d. What is the greatest common divisor of q and 36?
9
Let m = 170 - 150. Calculate the highest common factor of m and 30.
10
Suppose -f + 35 = -45. Calculate the greatest common factor of f and 48.
16
Let u be (-3)/(-2) - (-17)/34. What is the highest common divisor of 1 and u?
1
Let j(u) = 57*u**2 + u - 6. Let r be j(2). Calculate the greatest common divisor of r and 32.
32
Let f = 22 - 13. Let j be 64/6 - 6/f. Calculate the greatest common divisor of j and 15.
5
Let h be (2/6)/(10/90). Suppose 0 = z - h*z - 3*w + 29, 0 = 3*z + 2*w - 36. What is the greatest common divisor of 110 and z?
10
Let h(p) = p**3 + 8*p**2 - 2*p - 12. Let a be h(-8). Let v = 5 - a. Suppose -b + v = -14. Calculate the highest common divisor of 120 and b.
15
Suppose -2*u + 0*u + 4 = 0. Suppose -u*t = -4*t + 8. What is the greatest common factor of t and 36?
4
Let g(v) = -v - 1. Let r be g(2). Let t be 10/r*(-12)/10. Calculate the greatest common divisor of 10 and t.
2
Suppose f + 3*f - 4*c - 848 = 0, 5*c = -3*f + 604. What is the greatest common divisor of f and 13?
13
Let o(j) = j**3 + 2*j**2 - 4*j. Let a be o(-3). Suppose 32 = a*v + v - y, 2*y = 3*v - 24. What is the greatest common factor of v and 64?
8
Suppose 2*r + r - 2*b - 256 = 0, r - 2*b - 88 = 0. Calculate the highest common divisor of 63 and r.
21
Suppose 5*h + 5 = 0, -3*h = 4*t + 2*h - 27. What is the greatest common divisor of t and 104?
8
Let m(a) = 2*a + 2. Let l be m(5). Suppose 6*d - 5 = 175. What is the highest common factor of l and d?
6
Let a be ((-216)/(-45))/(6/20). Let f = a + -15. What is the highest common divisor of 4 and f?
1
Let a = 82 - 42. Let q = 3 - 1. Suppose 4*t - 3 = -3*c, -t - 2 = q*c + 3*t. What is the highest common factor of c and a?
5
Let h(w) = w**2 - 6*w + 2. Let l be h(5). Let b = l - -3. Let a = b - -13. What is the greatest common factor of a and 104?
13
Suppose -147 = -4*d - 2*r + 5*r, -2*d + 77 = -5*r. Calculate the greatest common divisor of 18 and d.
18
Let j = 8 - 11. Let h be (1 - j)/(4/44). What is the highest common divisor of h and 110?
22
Suppose 4*y + 0*y + 80 = -3*m, -m = 2*y + 30. Let q = m + 40. Suppose q + 4 = 2*p. What is the highest common divisor of p and 48?
12
Let q(s) = 4*s + 2. Let x be q(-3). Let n(f) = -3*f - 3. Let h be n(-6). Let u = h + x. Calculate the highest common factor of 35 and u.
5
Let d(q) = 10*q - 40. Let n be d(9). What is the highest common divisor of n and 20?
10
Let i be (-7)/((-7)/(-10))*3. Let k be (6/i)/((-1)/5). Let l be (-7*2)/(-2) + k. Calculate the greatest common factor of l and 64.
8
Let b(t) = -t + 9. Let f be b(7). Let z(d) = 2*d**3 + 0*d**2 - d**f - 2*d - 3*d**3. Let p be z(-2). What is the greatest common factor of p and 8?
8
Let i = -2 + 5. Let k be (1 - i) + 15 - 1. What is the greatest common factor of k and 24?
12
Suppose 3 + 0 = x. What is the greatest common divisor of 3 and x?
3
Let f = 8 - 6. Suppose 2*x - 120 = -f*x. What is the highest common divisor of 15 and x?
15
Let n be 927/4 + (-4)/(-16). Let s be (3 - -27) + 6/2 + -4. What is the greatest common divisor of s and n?
29
Suppose l - 4*l = 0. Suppose l*b - 3*b = -54. Calculate the highest common divisor of b and 2.
2
Let d = 12 + 16. Let u be 0/(3 + -2) - -10. Let a be (-74)/(-10) - 4/u. What is the greatest common divisor of d and a?
7
Let c = -22 - -72. Suppose -170 = -3*b + z + 3*z, -b + 60 = 2*z. Let x = c + b. Calculate the highest common factor of 12 and x.
12
Suppose -3*u + 16 = -5*u. Let v be (u - -2)/(1/(-22)). Calculate the greatest common divisor of v and 12.
12
Suppose 0 = -3*h + 5*g - 221, 2*g + 3*g + 25 = 0. Let c = h + 115. Calculate the greatest common factor of c and 3.
3
Suppose 0 = -3*c - 3 + 9. Suppose 3*x + 2*s = 7 - c, 4*x - 3*s = 18. What is the greatest common divisor of 27 and x?
3
Let h(t) = -t**3 - 3*t**2 - 5*t - 6. Let d be h(-3). Calculate the highest common divisor of 3 and d.
3
Suppose 0 = -5*u - 3 + 78. Calculate the highest common divisor of 3 and u.
3
Let v be 9/6 + 213/6. Suppose 31 = 3*x + 6*u - 2*u, u = -3*x + v. Calculate the highest common factor of 117 and x.
13
Suppose 1 = l - 3*f + f, 3*l + 3*f - 3 = 0. Let w(i) = -i**2 + 9*i - 13. Let m be w(6). What is the greatest common divisor of m and l?
1
Let a = 2 + 7. Let i be 62/6 + 5/(-15). Suppose 0 = 5*v + 2*h - 219, 0 = -2*h - i + 4. Calculate the highest common factor of v and a.
9
Let n be ((-11)/(-3))/((-1)/(-3)). Let u = -9 + n. Suppose 0*v = -v + 4*d + 12, 5*d + 30 = 5*v. Calculate the greatest common divisor of v and u.
2
Let q be 6/21 + 150/14. Suppose 0 = -4*k - 24 - 4. Let d(b) = -7*b - 5. Let c be d(k). Calculate the highest common divisor of q and c.
11
Suppose 0*l = -3*l + 396. What is the highest common divisor of 12 and l?
12
Let a be 2/((-6)/3) - -26. Let j = -15 + a. What is the greatest common factor of j and 25?
5
Let q = 2 + 34. Suppose 2*t - 4*z - 3 = 3, 10 = -5*z. Let n be (3 + t)/(2/24). What is the highest common factor of n and q?
12
Let m(a) = -4*a**2 + a - 1. Let u be m(-4). Let t = 125 + u. What is the highest common divisor of 7 and t?
7
Suppose 5*x - 4*x - 2 = 0. Suppose -28 = x*m - 3*m. Calculate the highest common divisor of m and 7.
7
Let j(z) = -z**3 - 7*z**2 - 7*z - 2. Let w be j(-6). Calculate the greatest common factor of w and 36.
4
Suppose 2 = i - 1. Suppose -i*f + 88 = -4*c, 5*c - 169 = -0*f - 4*f. What is the highest common divisor of 24 and f?
12
Suppose -h + 628 = -0*s + 5*s, -h - 2 = 0. Calculate the greatest common factor of s and 18.
18
Let b = -9 + 27. Let z(r) = -r**2 - 3*r - 1. Let o be z(-4). Let j = 7 + o. What is the greatest common factor of j and b?
2
Let h(l) = l**2 + 6*l - 4. Let t be h(-7). Let i(c) = -c**3 - 6*c**2 + t + 1 + 2*c**3. Let p be i(6). Calculate the highest common divisor of p and 28.
4
Suppose -4*j + 20 = 2*w, -4*w - 3*j + 28 = 2*j. Let s = 111 + -107. What is the greatest common divisor of w and s?
2
Let v be (6/4)/(6/252). Suppose 2*f = -r + 14, 5*f + r + 25 - v = 0. Calculate the highest common factor of 4 and f.
4
Let d(u) = -u**2 - 4*u. Let f be (-1)/((-3 - 1)/(-8)). Let b be d(f). What is the highest common divisor of 44 and b?
4
Let i = -1 + 3. Suppose 0 = -i*r - 2*r + 120. Suppose 5*p - 8 = 7. What is the highest common factor of r and p?
3
Let w be 1/2 + (-791)/(-2). What is the greatest common factor of w and 36?
36
Suppose 3*d = -y - 1, -2*y - 3*y - 5 = -d. Let i be y + -2 + (-1 - -4). Let x = 5 - i. Calculate the highest common factor of x and 10.
5
Let q be 2/5 - (-12564)/90. What is the greatest common divisor of 35 and q?
35
Let g = -25 - -109. Let u be (-3)/1 - (-1 + 1). Let d = 15 + u. Calculate the highest common divisor of g and d.
12
Let a = -43 + 25. Let m be (-16)/2*a/24. Let z be ((-3)/m)/(1/(-16)). What is the greatest common divisor of 1 and z?
1
Let u = 63 - -51. Calculate the highest common factor of u and 57.
57
Suppose f + 3*r - 2*r = -34, -r = -4*f - 141. Let l be (11 - f)*(1 + 1). Calculate the greatest common divisor of 23 and l.
23
Suppose -11 + 8 = -i. Suppose -4*p + 354 = 3*s, -598 = -7*s + 2*s - 4*p. Suppose -j + c = -6 - 20, 5*j - c = s. What is the greatest common divisor of j and i?
3
Suppose 5*b = 2*m - 51, -2*m - 2*m + 66 = 2*b. What is the greatest common divisor of 18 and m?
18
Suppose 300 + 162 = 7*n. What is the highest common factor of 22 and n?
22
Suppose -x + 22 = 5*k, 5*k - x - 21 = -3. Suppose 0 = c - 5*c + k*n + 160, 0 = -c - 4*n + 50. Calculate the greatest common divisor of 105 and c.
21
Suppose -5*q + 12 = o, 0 = -4*o + 3*q + 114 - 20. Suppose -m + 5*y = -6, 2*m = -2*m + 3*y + 41. Calculate the greatest common divisor of o and m.
11
Suppose 2*c - 3 = -n, 4*n + 3*c - 12 = -c. Suppose -4*l = -v - 12, -15 = 4*l + 5*v - n. Let x = 47 - 33. Calculate the greatest common factor of l and x.
2
Let f be (-4 - 1*-10) + 3. Calculate the greatest common factor of f a